x(g).
3
Let x(l) = l + 5 - l**2 - 3 + 0*l. Suppose 15*p = 6*p - 27. What is x(p)?
-10
Let v be (-8)/(16/(-10)) - (-2)/2. Let j(u) = -u**2 + 0 + v - 4 + u - u**3. Suppose 0 = -4*l + p - 3, 0*l + 2*l = -5*p + 15. What is j(l)?
2
Let k(f) = -2*f - 1 - 2*f - f**2 - 3*f + 0. What is k(-7)?
-1
Suppose -3*n + 3 = -k, -3*k + 5*n = 1 + 8. Let v(z) = 3*z + 36 - z**3 + 41 - 75. Give v(k).
20
Let z = -81 - -89. Let x(q) = -q**2 + 8*q + 6. Let d be x(z). Let u(i) = -i + 12. Determine u(d).
6
Let t be 2*(-5*2 - -2). Let o(g) = g**3 + 15*g**2 - 15*g + 14. Let f be o(t). Let p(r) be the first derivative of 3*r**2/2 - 2*r - 1. What is p(f)?
-8
Let t(o) = 23*o**2 + 1. Let n be (1 - (-8)/(-4))*0. Suppose 5*l - 30 = 5*j, 3*l - 9*j + 7*j - 13 = n. What is t(l)?
24
Suppose 94 - 24 = -7*g. Let o = -8 - g. Let s(z) = z + z**2 - z**3 + 0*z + o*z**2 + 1. Give s(4).
-11
Let a(h) be the second derivative of -6*h**2 + 1/6*h**3 + 0 + 9*h + 1/12*h**4 + 1/60*h**5. Let p(m) be the first derivative of a(m). Determine p(-2).
1
Let r(h) = -h**2 - 8*h - 6. Suppose -2 = 5*i - 22. Let n be (-18)/(-4)*i/6. Suppose -n*p + 8 - 26 = 0. What is r(p)?
6
Let t(x) be the second derivative of x**4/6 + 5*x**3/6 - 8*x**2 - 6*x. Let v(n) = n**2 + 2*n - 8. Let r(w) = 3*t(w) - 7*v(w). What is r(0)?
8
Let i(b) be the third derivative of -1/12*b**5 + 0*b + 0*b**4 + 0 - 1/120*b**6 + 1/3*b**3 - 8*b**2. Give i(-5).
2
Let n(j) = 94 + j**2 + 10*j - 2*j + 9*j - 60. Determine n(-14).
-8
Let r(h) = -5*h. Let p(o) = -56*o - 7. Let z(b) = 2*p(b) - 22*r(b). Determine z(0).
-14
Let r be -1 + 3/((-3)/(-2)). Let o(n) = 5*n - r - 110*n**2 + 6 + 103*n**2 + n**3. Give o(6).
-1
Let l be -44*(4 - (-9)/(-2)). Let p = l + -17. Let v(t) = -2*t + 6. What is v(p)?
-4
Let l = -11 + 14. Let j(u) = 4*u**2 + 7*u + 10. Let y(f) = -f**2 - 2. Let k(z) = l*y(z) + j(z). Calculate k(-6).
-2
Let q = 31 - 22. Let a(t) = 7*t**2 - 4*t + 5. Let h(x) = 9*x**2 - 2*x + 5. Let z(r) = 4*a(r) - 3*h(r). Give z(q).
-4
Let j(i) = 0 - 6*i + 2 - 3 + 3. Determine j(-3).
20
Let n(q) = q - 7. Suppose -630 - 628 = 17*h. Let z = h - -80. What is n(z)?
-1
Suppose 0 = -z - 4, 4*j = -j + 5*z. Let g = 4 + j. Suppose g = -2*x + 2 + 10. Let t(p) = p + 1. What is t(x)?
7
Let l(r) = -8 + r + r + 6. Suppose -4*q - 2*p = -p - 24, 2*p = 4*q - 12. What is l(q)?
8
Suppose -4*j = 2*m - 16, 12 - 2 = 5*j. Suppose -u + 20 = m*u. Let q(x) = -x**2 + 2*x - 4. Calculate q(u).
-12
Suppose 5*c - 21 - 9 = -5*l, 5*c - 15 = -2*l. Suppose 0 = -0*t + l*t + 5*r - 55, -3*r = t - 21. Let j(p) = -5*p + 7*p - 4*p + t*p**2 + 1. Calculate j(1).
5
Let x(l) = 2*l - 3. Let k be 3*(8/(-3))/(-4). Let t(n) = -3*n + 3. Let q be t(k). Let v be -1*9/q*1. What is x(v)?
3
Let l(k) = 3*k**3 + k**2. Let t(v) = -2*v**2 + v + 3. Let g be t(3). Let i be (-15)/(-2)*g/(-18). Suppose 3*w = i*w + 2. Calculate l(w).
-2
Let f(o) = -2*o**2 - 7*o. Let l = 0 - -50. Let j = 45 - l. Determine f(j).
-15
Let h(r) = r**3 - 3*r**2 - 5*r + 2. Let f(w) = -w - 6. Let a be f(-9). Suppose -a*o + 6 = -2*o. Suppose -o*c + 3*c = -12. Calculate h(c).
-2
Let o(i) = -i**2 + 5 - i + 12*i - 3*i - 4*i. Let m be o(4). Let d(z) = -1 + 3*z + 6*z**2 + 5 - 7*z**2. What is d(m)?
-6
Suppose 246 - 1282 = -4*b. Let h(c) = 260*c**2 - 3 + 1 - b*c**2. Calculate h(2).
2
Let d(w) = 2 + w - 3*w + 5*w - 7*w + 4*w**2. Suppose 0 = a + 2*a + r - 1, a - 3*r = 17. Give d(a).
10
Let u be ((-1)/2)/(4/(-16)). Let s(r) = -r - 5. Let q(h) = -3*h - 10. Let o(c) = u*q(c) - 5*s(c). What is o(-5)?
10
Let t(r) be the second derivative of r**7/168 + r**6/360 - r**5/120 + 3*r**3 - 10*r. Let b(x) be the second derivative of t(x). Determine b(1).
5
Let l(r) = -r**3 - 4*r**2 - 3. Suppose 3*u - u = 2*c - 24, -3*c - u = -24. Let k be c/(-72) - 62/16. Determine l(k).
-3
Suppose -602*x + 595*x = -35. Let d(h) = h**3 - 6*h**2 + 4*h + 5. Calculate d(x).
0
Suppose -4 = -r - 7. Let c be r/(15/(-5) - -4). Let p(g) be the first derivative of g**3/3 + 2*g**2 + 2*g - 5. What is p(c)?
-1
Let k(y) = -3*y - 8. Let l(i) = -i**3 - 8*i**2 - 3*i + 18. Let z be l(-7). What is k(z)?
22
Suppose -288 = 30*i + 18*i. Let a(y) = y**2 + 8*y + 7. What is a(i)?
-5
Let r(v) = -v**3 - 12*v**2 - 18*v + 17. Suppose 4715*b - 90 = 4724*b. What is r(b)?
-3
Let j(m) = 4*m - 1. Let b(d) = -17*d + 11. Let f(p) = -b(p) - 4*j(p). Give f(5).
-2
Let y(v) = 265*v - 543*v + 2*v**2 + 7 + 268*v. What is y(5)?
7
Let n be 2*9/(-6)*124/(-6). Let a = 61 - n. Let f(h) = -8*h**3 + h + 1. Give f(a).
8
Let j(m) be the first derivative of -2*m - 1/2*m**4 - m**3 - 40 - m**2. Calculate j(-2).
6
Let u = 30 + -34. Let g(b) = -5*b + 3. Let v(c) = -c. Let l(n) = u*v(n) + g(n). Determine l(3).
0
Let i(f) = 1976*f. Let o(q) = 34*q. Let r(v) = 2*i(v) - 117*o(v). Determine r(-1).
26
Let c = -980 - -988. Let h(v) = v**3 - 8*v**2 + v - 5. Determine h(c).
3
Let a(u) = -5*u + 8. Let p(z) = 26*z - 38. Let c(s) = -11*a(s) - 2*p(s). Let l(m) = -2*m + 11. Let r(f) = -5*c(f) - 6*l(f). Calculate r(-4).
6
Let f(i) be the first derivative of 1/2*i**2 + 4 + 1/3*i**3 + i. Let l(c) = -4*c**2 - 4*c - 2. Let m(g) = -f(g) - l(g). Determine m(-2).
7
Let o(h) = -10*h**2 - 6*h + h - 2 + 4*h - h**3. Suppose -30 = 3*k - 5*z, -3*k - 17 - 13 = 3*z. Calculate o(k).
8
Let r(c) = -c + 5*c + 13 - 7*c + 7*c + 8. Calculate r(-15).
-39
Let c(i) = i**3 - 3*i**2 + 8*i - 14. Let o be c(2). Let u(n) = 3*n + 3. Let y(w) = -w. Let l(k) = u(k) - 5*y(k). Give l(o).
-13
Let n(b) be the first derivative of -b**6/120 - b**5/60 + b**4/12 + b**3/6 + 11*b**2 + 10. Let k(a) be the second derivative of n(a). Determine k(-1).
-1
Suppose 4*u = -2*t + 18, 0 = t - 4*u + 8 + 7. Suppose 3*o - t - 1 = 5*k, -2*o - 8 = -k. Let g be 15/(-10) + o/4. Let q(j) = -j**2 - 2*j - 3. What is q(g)?
-6
Let p(g) = -16*g**2 + 0*g**2 + 10*g + 9*g**2 + 6*g**2 - 6. Determine p(6).
18
Let w(j) = -24*j + j**3 - 4*j**2 - 4 + 40*j - 13*j. Let h be (-5)/(-2)*28/(-35). Let z be -6*h*(-3)/(-12). Give w(z).
-4
Let x(k) = k**3 - 2*k + 1. Let l be x(1). Suppose -11*j + 3 = -10*j. Let c(d) = d**j - 2 + 7*d**2 - 6*d**2 - 2*d**2. Give c(l).
-2
Let s(r) = 31*r**2 - 13*r + 13. Let z(t) = 37*t**2 - 14*t + 13. Let d(c) = -6*s(c) + 5*z(c). Give d(10).
-33
Let l(s) = -s**3 + 4*s**2 - 4*s + 6. Suppose 0 = -5*f + 2*f + 120. Suppose 34 = -7*x - 218. Let m = x + f. Calculate l(m).
-10
Let p(f) = 0*f + 1 + 0 + f. Suppose 14 = -5*b + 2*v, -5*v = 4*b - 8*b - 18. What is p(b)?
-1
Let h(d) = 62*d + 16. Let z(y) = 18*y + 5. Let u(k) = 6*h(k) - 21*z(k). What is u(4)?
-33
Suppose -7*q + 5 = -2*q. Let s be 0/(q/((-1)/(-2))). Let z(b) = -b + 6. Determine z(s).
6
Let a(y) = -y**2 + 6. Let i(c) = -c**3 - 5*c**2 + 7*c + 3. Let u be i(-6). Let j(z) = z**2 - z - 6. Let p(f) = u*j(f) - 2*a(f). What is p(5)?
-4
Let f(j) = -3*j + 3. Suppose 0*o + 3*o + 5*g - 14 = 0, 4*g - 4 = 0. Let p(i) = -i**3 + 4*i**2 - 2*i - 1. Let t be p(o). Calculate f(t).
-3
Let k(z) be the second derivative of -z**5/20 + 4*z. Suppose -40 = -6*w + 2*w. Let l = -11 + w. Give k(l).
1
Let r(x) be the first derivative of -x**3/3 + x**2 - 2*x - 1. Suppose -5*i - 20 = -10*i. Suppose -5*c = i*m - 7, 2*c - 11 = -4*m - 1. What is r(m)?
-5
Let q(d) = 2*d**2 + 3 - 63*d + 131*d - 71*d. Calculate q(1).
2
Let t(p) = 8*p. Let v(m) = m**3 - 4*m**2 + 4*m + 2. Let n be v(4). Let o = 212 + -195. Let j = n - o. Give t(j).
8
Let u be 0 - ((-75)/(-5))/3. Let k = 16 + -11. Let c(o) = -k + 0*o - 2*o - 2. Calculate c(u).
3
Let s = 102 - 99. Let t(h) = s*h + 1 + 4*h - 6*h - 2. Let b be (2 - 7)*4/(-5). Determine t(b).
3
Let c(g) = -g**3 - 14*g**2 + 13*g - 10. Let t(q) = -2*q**3 - 13*q**2 + 12*q - 9. Let o(f) = 3*c(f) - 2*t(f). Determine o(15).
-12
Let t(h) be the second derivative of -1/6*h**3 + 9*h - 11/2*h**2 - 2/3*h**4 + 0 - 1/20*h**5. Calculate t(-8).
-3
Let k(w) = -w**2 - 7*w - 3. Let p(c) = c - 2. Let n be p(8). Suppose -5*r + n*r = -5. Give k(r).
7
Let g(i) be the second derivative of i**3/3 + i**2/2 + 247*i. Give g(2).
5
Let p(d) = d**2 - 4*d. Let t be (-4 - -3)/(6/4 + -2). Suppose -b = -4*j + 7, t*j - b + 0 - 1 = 0. What is p(j)?
-3
Let u be (-11)/(-2) + 2/4. Suppose 0 = -5*t - 43 + 48. Let n = u - t. Let y(r) = -r**3 + 5*r**2 + 2*r - 3. What is y(n)?
7
Let m(c) = -92*c - 1 + 2 + 49*c + 42*c. Give m(5).
-4
Let o(q) = 2*q**3 + 3*q**2 - 4*q + 2. Let v(x) = -x**3 - 2*x**2 + 2*x - 1. 